
What is the ten thousands digit of 499687697?
8
What is the ten millions digit of 22285689?
2
What is the hundreds digit of 370245956?
9
What is the ten thousands digit of 6601550?
0
What is the hundreds digit of 54378585?
5
What is the tens digit of 5435941?
4
What is the millions digit of 1952240031?
2
What is the millions digit of 66686083?
6
What is the ten thousands digit of 959941788?
4
What is the units digit of 8977270?
0
What is the thousands digit of 108426777?
6
What is the units digit of 35113922?
2
What is the hundreds digit of 44151546?
5
What is the units digit of 20648591?
1
What is the hundred thousands digit of 23187460?
1
What is the thousands digit of 10711106?
1
What is the ten thousands digit of 25392171?
9
What is the millions digit of 1949890432?
9
What is the hundreds digit of 254460031?
0
What is the hundred thousands digit of 78361767?
3
What is the hundreds digit of 570468614?
6
What is the hundred thousands digit of 57633138?
6
What is the millions digit of 5469641466?
9
What is the thousands digit of 81315795?
5
What is the hundred millions digit of 589504556?
5
What is the millions digit of 207598424?
7
What is the hundreds digit of 742752657?
6
What is the ten millions digit of 81381019?
8
What is the tens digit of 50164202?
0
What is the hundred thousands digit of 26715109?
7
What is the thousands digit of 77207492?
7
What is the billions digit of 3100759476?
3
What is the hundred thousands digit of 547833981?
8
What is the hundreds digit of 9310699?
6
What is the ten thousands digit of 1122335825?
3
What is the units digit of 14860880?
0
What is the units digit of 51277175?
5
What is the tens digit of 2761074180?
8
What is the hundred thousands digit of 1636947035?
9
What is the units digit of 26774442?
2
What is the tens digit of 96234388?
8
What is the ten millions digit of 380918025?
8
What is the hundred millions digit of 2442968199?
4
What is the ten thousands digit of 972275182?
7
What is the thousands digit of 45155013?
5
What is the millions digit of 2059083953?
9
What is the tens digit of 567286833?
3
What is the hundred thousands digit of 36309597?
3
What is the hundreds digit of 762190892?
8
What is the thousands digit of 18253521?
3
What is the hundred millions digit of 355559382?
3
What is the units digit of 2041127?
7
What is the units digit of 5315159216?
6
What is the units digit of 5167208093?
3
What is the millions digit of 51005996?
1
What is the ten millions digit of 561683509?
6
What is the units digit of 61304435?
5
What is the hundred millions digit of 4487828315?
4
What is the tens digit of 5751140076?
7
What is the tens digit of 818111054?
5
What is the units digit of 63485142?
2
What is the hundred millions digit of 645890935?
6
What is the hundred thousands digit of 287588639?
5
What is the units digit of 42401157?
7
What is the millions digit of 864932369?
4
What is the thousands digit of 2234200983?
0
What is the units digit of 502886614?
4
What is the thousands digit of 28273314?
3
What is the ten millions digit of 1367459521?
6
What is the units digit of 1420294171?
1
What is the thousands digit of 1772223475?
3
What is the hundreds digit of 496533841?
8
What is the millions digit of 4828853169?
8
What is the hundreds digit of 82336409?
4
What is the hundreds digit of 151669650?
6
What is the ten thousands digit of 563469818?
6
What is the millions digit of 1896150534?
6
What is the thousands digit of 40283193?
3
What is the ten thousands digit of 2081836924?
3
What is the hundred thousands digit of 18487085?
4
What is the hundred millions digit of 724210022?
7
What is the hundred millions digit of 109423748?
1
What is the hundreds digit of 368357423?
4
What is the hundred thousands digit of 412495494?
4
What is the ten millions digit of 5557474095?
5
What is the units digit of 263369515?
5
What is the hundred thousands digit of 401035726?
0
What is the hundred thousands digit of 286289769?
2
What is the hundred thousands digit of 1130499033?
4
What is the units digit of 157942596?
6
What is the hundreds digit of 1627731207?
2
What is the tens digit of 134323714?
1
What is the units digit of 17327676?
6
What is the ten millions digit of 511125760?
1
What is the thousands digit of 194912790?
2
What is the tens digit of 1248346812?
1
What is the ten thousands digit of 6290405397?
0
What is the ten millions digit of 35343680?
3
What is the hundreds digit of 1225352755?
7
What is the tens digit of 12493213?
1
What is the tens digit of 1307368752?
5
What is the hundred thousands digit of 1995825419?
8
What is the hundreds digit of 479555451?
4
What is the ten millions digit of 326084005?
2
What is the millions digit of 40392435?
0
What is the ten thousands digit of 46148470?
4
What is the thousands digit of 2511395444?
5
What is the units digit of 277165010?
0
What is the millions digit of 651079173?
1
What is the millions digit of 120841715?
0
What is the hundred thousands digit of 598125393?
1
What is the hundred millions digit of 121246335?
1
What is the thousands digit of 85444666?
4
What is the hundreds digit of 210850468?
4
What is the hundreds digit of 71191928?
9
What is the hundred thousands digit of 3220777425?
7
What is the units digit of 5912177442?
2
What is the hundred millions digit of 3720893705?
7
What is the hundred millions digit of 131010544?
1
What is the hundreds digit of 3378781240?
2
What is the ten thousands digit of 507976454?
7
What is the hundred millions digit of 361935499?
3
What is the millions digit of 57668502?
7
What is the tens digit of 251021532?
3
What is the hundreds digit of 25834199?
1
What is the thousands digit of 15162504?
2
What is the hundreds digit of 350167176?
1
What is the ten thousands digit of 92069837?
6
What is the tens digit of 143974842?
4
What is the tens digit of 89996093?
9
What is the tens digit of 12024812?
1
What is the hundreds digit of 977297321?
3
What is the ten thousands digit of 274742396?
4
What is the hundred thousands digit of 171329573?
3
What is the units digit of 1045800089?
9
What is the hundreds digit of 5500408416?
4
What is the hundred millions digit of 1354248679?
3
What is the ten millions digit of 120058882?
2
What is the ten millions digit of 34371009?
3
What is the hundreds digit of 729083?
0
What is the tens digit of 159362314?
1
What is the thousands digit of 114636409?
6
What is the ten thousands digit of 3868231640?
3
What is the hundreds digit of 286857512?
5
What is the hundreds digit of 184216030?
0
What is the hundreds digit of 751632732?
7
What is the hundred millions digit of 1122636802?
1
What is the thousands digit of 166736899?
6
What is the billions digit of 4334154405?
4
What is the hundred millions digit of 4527325961?
5
What is the units digit of 387368218?
8
What is the ten millions digit of 64484337?
6
What is the ten thousands digit of 2554092036?
9
What is the hundred millions digit of 763640701?
7
What is the millions digit of 1488706374?
8
What is the thousands digit of 641318731?
8
What is the millions digit of 85302589?
5
What is the millions digit of 100269364?
0
What is the hundred millions digit of 2158309060?
1
What is the hundred thousands digit of 588811905?
8
What is the thousands digit of 514797538?
7
What is the billions digit of 7321694728?
7
What is the ten millions digit of 12839406?
1
What is the ten thousands digit of 171811018?
1
What is the hundred millions digit of 613037154?
6
What is the units digit of 1105573286?
6
What is the units digit of 92454462?
2
What is the tens digit of 91916571?
7
What is the tens digit of 52701861?
6
What is the millions digit of 508012593?
8
What is the hundreds digit of 627115456?
4
What is the thousands digit of 395402773?
2
What is the hundred thousands digit of 3752264018?
2
What is the millions digit of 352301075?
2
What is the millions digit of 37853854?
7
What is the units digit of 5069259549?
9
What is the tens digit of 1911709168?
6
What is the hundred thousands digit of 69800121?
8
What is the ten thousands digit of 491329894?
2
What is the hundred thousands digit of 811710349?
7
What is the tens digit of 133137357?
5
What is the millions digit of 4087369495?
7
What is the hundred millions digit of 7993880873?
9
Wha